 prime factors of l?
3
Suppose 0 = a + 5*c - 1119, 21*c = -2*a + 26*c + 2223. What are the prime factors of a?
2, 557
Let c(q) = -q**2 + 27*q + 14. Suppose -81 = 4*y - 9*y - x, -4*y - 2*x = -66. What are the prime factors of c(y)?
2, 5, 19
What are the prime factors of (3/9)/((-1)/(-1431))?
3, 53
Let c be -2 + (-2)/(3/(-3)). Let d be 8*1/10*5. Suppose -j = d*v - c*j - 64, 3*v + 5*j = 48. What are the prime factors of v?
2
Suppose 10*l - 13*l = 96. Let p = 170 - l. List the prime factors of p.
2, 101
Suppose -56864 = -46*g + 14*g. List the prime factors of g.
1777
Suppose w - 35 = -3*n, 2*n = -5*w - 0*n + 214. Suppose 5*p - 45 = -a, -3*p - 3*a = 5 - w. What are the prime factors of p?
2
Let t = -58 + 97. Let v be (-26)/t - 2/(-3). Suppose v = y - 3*y + 38. List the prime factors of y.
19
Suppose 0 = 4*p + v + 228, 2*v = -4*p - 72 - 160. List the prime factors of 0 - 3 - (p - 3).
2, 7
Let z(c) = -6 - 5*c - 13 + 6*c + c. List the prime factors of z(18).
17
Let s(v) = 92*v**2 + 28*v + 175. List the prime factors of s(-7).
7, 641
Suppose 2615 + 901 = 12*x. List the prime factors of x.
293
Let v(y) = -53*y**3 + 5*y**2 + 8*y + 4. List the prime factors of v(-2).
2, 3
Let s = 11 + -21. Let q(l) = -4*l - 12. Let i be q(-3). What are the prime factors of 3*(-3 - s) + i?
3, 7
Suppose 5*y = 7*y + 4*j - 3728, -4*y - 2*j = -7468. List the prime factors of y.
2, 467
Let r(s) = -s**2 + 67*s + 169. List the prime factors of r(64).
19
Let l = 483 - 83. List the prime factors of l.
2, 5
Let v be (6 - 22)/((-78)/(-82) - 1). Suppose -968 = -2*i - v. List the prime factors of i.
2, 5
Suppose -3*y - 150 = -3*w + 261, -w + 3*y + 147 = 0. List the prime factors of 2 + -6 + w + -8.
2, 3, 5
Suppose 10*c - 9*c = -3*q - 45, -5*q = 3*c + 71. Let t(o) = -19*o - 60. List the prime factors of t(q).
2, 61
Let b(r) be the first derivative of r**4/12 - r**3/6 - 3*r**2/2 + 8*r - 5. Let v(a) be the first derivative of b(a). List the prime factors of v(-5).
3
Suppose -a = p, -3*p + 1 = 2*a + 2*a. What are the prime factors of (p/2)/(9/(-558))?
31
Let v(w) = 215*w**2 - 12*w - 7. What are the prime factors of v(-3)?
2, 491
Let m be (-126)/(-10) - (-9)/(-15). Let g = m + -1. Let d(j) = 3*j + 2. What are the prime factors of d(g)?
5, 7
Let c = 19 - 13. Suppose -1 = -5*w + 4*d - 13, 5*w = 2*d - c. Suppose 5*r - 55 = -w*r. List the prime factors of r.
11
Suppose 0 = -x + l + 3, -x + l = -l - 4. Let r(u) = u**2 + 4*u**2 + 3*u + 9 - 4*u**x - 1. List the prime factors of r(-7).
2, 3
Let o = 195 + -57. Suppose -r + o = -70. Suppose 0 = -5*c + 3*j + 302, 0 = 5*c - 4*j - 514 + r. What are the prime factors of c?
2, 29
Suppose 5*w - 1360 = -3*w. Suppose 2*u = g - 53 + 226, 2*u - w = 2*g. Let a = 126 - u. What are the prime factors of a?
2, 19
Let p(l) = -l - 5. Let z be 1/(-4 + 332/84). What are the prime factors of p(z)?
2
Suppose -k = 3*k. Suppose -10*u + 9*u + 2 = k. List the prime factors of (u - 1 - 1) + 2.
2
Let g be 2/(-1 + 78/74). Let l = g - -16. What are the prime factors of l?
53
Suppose 0 = -5*q, -14*r + 17*r + q = 2031. What are the prime factors of r?
677
Let g = -50 + -7. Suppose i + 236 = 2*w, -304 = -3*w + i + 51. Let d = w + g. What are the prime factors of d?
2, 31
Let x(m) = -m**2 + 10*m + 3. Suppose -2*b = -3*b + 2. Suppose -4*w + 36 = a, 3*w = -b*a + 3*a + 20. List the prime factors of x(w).
19
Let h = 783 - 642. List the prime factors of h.
3, 47
Let o(t) = 39*t + 8. Let j(s) = 38*s + 7. Let d(m) = 6*j(m) - 5*o(m). What are the prime factors of d(2)?
2, 17
Suppose 0 = 5*u - n - 12, 3*u + 4*n = -0 - 2. Suppose 11 = -y + u*y. Let h(j) = j**2 - 8*j - 4. List the prime factors of h(y).
29
Let q be (-2)/2*(-54 + 5). Suppose 0 = -3*d - 5*p + 23, 3*p - 6*p = 4*d - q. What are the prime factors of d/(-12) - 118/(-3)?
2, 19
Let f = -85 - -161. Let y = f - 53. List the prime factors of y.
23
Let f = 297 + 1008. What are the prime factors of f?
3, 5, 29
Let s = 1146 + 834. What are the prime factors of s?
2, 3, 5, 11
Suppose z = -0*z + 4. Suppose -5*o - 10 = 5*t, 2*t + 3*o + z = 7*o. What are the prime factors of 17 + (1 - (-10)/t)?
13
Let f(r) = -r**3 - 4*r - 3*r**3 - r - 5*r**2 - 4 - 2*r**3. Let p be f(-3). What are the prime factors of p/5 + 14/35?
2, 13
Let k(x) = 2*x + 27. Let c(l) = 5*l + 55. Let h(t) = -3*c(t) + 7*k(t). Let z be 0 + 13 + 21/(-7). What are the prime factors of h(z)?
2, 7
Suppose 13*w = 201 + 2191. What are the prime factors of w?
2, 23
Suppose 8 = 3*g + g. Suppose 4*v = g*c + 64, -5*c + 25 = -3*v + 80. Let n = v - -13. What are the prime factors of n?
2, 7
Let r = -10 - -6. What are the prime factors of r - (1 + 72)*-1?
3, 23
Suppose -a + 2 = -2. Let j(r) = -3 - r + 2 - 5 + a. What are the prime factors of j(-13)?
11
Suppose -3685 = -10*n - 275. What are the prime factors of n?
11, 31
Suppose r = 30*r - 23867. List the prime factors of r.
823
Let i = -143 + 318. Suppose 4*b = 85 + i. Let v = b + -2. List the prime factors of v.
3, 7
Suppose 3*p + 5*l + 4 = 0, 0 = 4*p - 2*p - l - 6. Suppose -p*y = -4*y. Suppose -4*u + 6*u - 14 = y. What are the prime factors of u?
7
Let x be (-36)/(1/(-2) + -1). Let t = x + -18. What are the prime factors of t?
2, 3
Suppose 0 = -2*n + 4*z + 68, -z = 2*n - 3*z - 68. Let c(m) = 35*m + 4. Let s be c(5). Suppose -s = -5*o + 2*j + n, 4 = 4*j. What are the prime factors of o?
43
Let z be 21/6*-4 - 1. List the prime factors of 18/(-135) - 287/z.
19
Suppose 9*z + 1179 = 5967. Let q = -8 + 4. What are the prime factors of ((-6)/q)/(21/z)?
2, 19
Let g = 209 - 4. Let u = g - 17. What are the prime factors of u?
2, 47
Suppose -11*s + 12*s = -93. Let v = -309 - s. What are the prime factors of ((-5)/(-4))/((-9)/v)?
2, 3, 5
Let o = -17 - -32. What are the prime factors of (2/(-8))/(o/(-8220))?
137
Suppose 7*z = 6*z. Suppose m = -2*u + 2*m + 89, 3*m - 15 = z. List the prime factors of u.
47
Suppose -4*y + 4*o + 27 = 3, -o = -2*y + 14. Suppose -5*b + 2*z = -18, -4*b - 3*z - y = z. Suppose -5*a + 42 = -b*a. What are the prime factors of a?
2, 7
Suppose -g = -2*i - 27, -i + 3*g = -0*g + 21. List the prime factors of (771/i)/((-1)/4).
257
Suppose d = -3*l - 4*d + 34, 2*d = 3*l - 20. What are the prime factors of 27 - l/(-3 + 1)?
31
Let p be (-476 - 1)*(-3)/3. Suppose 6*g - g - 3*m = -p, 478 = -5*g + 2*m. Let w = g - -148. List the prime factors of w.
2, 13
Let n = -9079 + 14133. What are the prime factors of n?
2, 7, 19
Let v(q) = 12*q**3 - 2*q**2 - 1. Let a be v(2). Suppose 8*h - 5*h = a. What are the prime factors of h?
29
Suppose 0 = 2*y - 5*j - 291, 2*y + 0*y - j - 287 = 0. Let u = 51 - 145. Let z = u + y. List the prime factors of z.
7
Suppose 2*s + 3*h + 526 = 0, -3*s - 525 = 2*h + 264. Let t = 39 - s. What are the prime factors of t?
2, 151
Let h = 46 + -18. Suppose 4*k + 2*l = 44, h = -k + 4*k + 4*l. Suppose d - k = -0. What are the prime factors of d?
2, 3
Let p(a) = -9*a**2 + 2*a + 1. Let v be p(-1). Let b(z) = -30*z - 8. Let i be b(v). Suppose -5 = 7*k - i. What are the prime factors of k?
41
Suppose 8*k - 405 = 3*k - a, 5*a - 324 = -4*k. Suppose 9 = 2*s - k. What are the prime factors of s?
3, 5
Let b(z) = -9*z - 3. Let y(g) = g**2 + 7*g - 1. Let f be y(-4). Let t(s) = -4*s - 1. Let k(q) = f*t(q) + 6*b(q). List the prime factors of k(-12).
19
Suppose -v + w = -10, 0*w - 25 = -2*v + 3*w. Suppose i - 39 + v = -b, 0 = -4*b - 2*i + 132. What are the prime factors of b?
2
Let s = -35 + 38. Suppose 0 = s*l - 2*l - 43. Let v = l + 24. List the prime factors of v.
67
Let m(n) = 151*n**3 + 2*n**2 - 1. Let a(w) = -3*w + 55. Let j be a(18). What are the prime factors of m(j)?
2, 19
Let z(l) = l + 2. Let t be z(-4). What are the prime factors of ((-40)/3)/(t/6)?
2, 5
Let q be 33964/10 - 0 - 4/10. Suppose 14*k + 1072 - q = 0. List the prime factors of k.
2, 83
Let n(l) = 47*l - 11. Let d be n(13). Suppose j = 10*z - 5*z - d, -4*z + 480 = -5*j. What are the prime factors of z?
2, 3, 5
Let t(n) = -n**2 + 11*n + 28. Let c be t(13). Suppose p + 5*w + 1 = -c, 2*p - 64 = 4*w. List the prime factors of p.
2, 11
Let t(j) = 2*j - 5. Let z(y) = -y + 9. Let v be z(3). List the prime factors of t(v).
7
Suppose 3*f + 4*k = 6991, 13*f - 5*k + 4670 = 15*f. What are the prime factors of f?
3, 5, 31
Suppose 6*f = -879 - 951. Let p = 516 + f. List the prime fa